{"id":945,"date":"2019-10-09T17:54:09","date_gmt":"2019-10-09T22:54:09","guid":{"rendered":"http:\/\/singulares.mx\/?page_id=945"},"modified":"2019-11-11T12:32:42","modified_gmt":"2019-11-11T18:32:42","slug":"villa-montana-2","status":"publish","type":"page","link":"https:\/\/singulares.mx\/?page_id=945","title":{"rendered":"Villa Monta\u00f1a 2"},"content":{"rendered":"\t\t<div data-elementor-type=\"wp-page\" data-elementor-id=\"945\" class=\"elementor elementor-945\" data-elementor-settings=\"[]\">\n\t\t\t<div class=\"elementor-inner\">\n\t\t\t\t<div class=\"elementor-section-wrap\">\n\t\t\t\t\t\t\t<section class=\"elementor-element elementor-element-95e4534 elementor-section-boxed elementor-section-height-default elementor-section-height-default elementor-section elementor-top-section\" data-id=\"95e4534\" data-element_type=\"section\">\n\t\t\t\t\t\t<div class=\"elementor-container elementor-column-gap-default\">\n\t\t\t\t<div class=\"elementor-row\">\n\t\t\t\t<div class=\"elementor-element elementor-element-ea06024 elementor-column elementor-col-66 elementor-top-column\" data-id=\"ea06024\" data-element_type=\"column\">\n\t\t\t<div class=\"elementor-column-wrap  elementor-element-populated\">\n\t\t\t\t\t<div class=\"elementor-widget-wrap\">\n\t\t\t\t<div class=\"elementor-element elementor-element-405bead elementor-widget elementor-widget-text-editor\" data-id=\"405bead\" data-element_type=\"widget\" data-widget_type=\"text-editor.default\">\n\t\t\t\t<div class=\"elementor-widget-container\">\n\t\t\t\t\t<div class=\"elementor-text-editor elementor-clearfix\"><h2>VILLA MONTA\u00d1A 2<\/h2><\/div>\n\t\t\t\t<\/div>\n\t\t\t\t<\/div>\n\t\t\t\t<div class=\"elementor-element elementor-element-93bb61d elementor-widget elementor-widget-image-gallery\" data-id=\"93bb61d\" data-element_type=\"widget\" data-widget_type=\"image-gallery.default\">\n\t\t\t\t<div class=\"elementor-widget-container\">\n\t\t\t\t\t<div class=\"elementor-image-gallery\">\n\t\t\t<div id='gallery-1' class='gallery galleryid-945 gallery-columns-3 gallery-size-large'><figure class='gallery-item'>\n\t\t\t<div class='gallery-icon landscape'>\n\t\t\t\t<a data-elementor-open-lightbox=\"default\" data-elementor-lightbox-slideshow=\"93bb61d\" href='https:\/\/singulares.mx\/wp-content\/uploads\/2019\/10\/DSC_0727.jpeg'><img width=\"1024\" height=\"678\" src=\"https:\/\/singulares.mx\/wp-content\/uploads\/2019\/10\/DSC_0727-1024x678.jpeg\" class=\"attachment-large size-large\" alt=\"\" decoding=\"async\" loading=\"lazy\" srcset=\"https:\/\/singulares.mx\/wp-content\/uploads\/2019\/10\/DSC_0727-1024x678.jpeg 1024w, https:\/\/singulares.mx\/wp-content\/uploads\/2019\/10\/DSC_0727-300x199.jpeg 300w, https:\/\/singulares.mx\/wp-content\/uploads\/2019\/10\/DSC_0727-768x509.jpeg 768w, https:\/\/singulares.mx\/wp-content\/uploads\/2019\/10\/DSC_0727-980x649.jpeg 980w\" sizes=\"(max-width: 1024px) 100vw, 1024px\" \/><\/a>\n\t\t\t<\/div><\/figure><figure class='gallery-item'>\n\t\t\t<div class='gallery-icon landscape'>\n\t\t\t\t<a data-elementor-open-lightbox=\"default\" data-elementor-lightbox-slideshow=\"93bb61d\" href='https:\/\/singulares.mx\/wp-content\/uploads\/2019\/10\/domo-escalera.jpeg'><img width=\"1024\" height=\"678\" src=\"https:\/\/singulares.mx\/wp-content\/uploads\/2019\/10\/domo-escalera-1024x678.jpeg\" class=\"attachment-large size-large\" alt=\"\" decoding=\"async\" loading=\"lazy\" srcset=\"https:\/\/singulares.mx\/wp-content\/uploads\/2019\/10\/domo-escalera-1024x678.jpeg 1024w, https:\/\/singulares.mx\/wp-content\/uploads\/2019\/10\/domo-escalera-300x199.jpeg 300w, https:\/\/singulares.mx\/wp-content\/uploads\/2019\/10\/domo-escalera-768x509.jpeg 768w, https:\/\/singulares.mx\/wp-content\/uploads\/2019\/10\/domo-escalera-980x649.jpeg 980w\" sizes=\"(max-width: 1024px) 100vw, 1024px\" \/><\/a>\n\t\t\t<\/div><\/figure><figure class='gallery-item'>\n\t\t\t<div class='gallery-icon landscape'>\n\t\t\t\t<a data-elementor-open-lightbox=\"default\" data-elementor-lightbox-slideshow=\"93bb61d\" href='https:\/\/singulares.mx\/wp-content\/uploads\/2019\/10\/cocina-con-cables.jpeg'><img width=\"1024\" height=\"678\" src=\"https:\/\/singulares.mx\/wp-content\/uploads\/2019\/10\/cocina-con-cables-1024x678.jpeg\" class=\"attachment-large size-large\" alt=\"\" decoding=\"async\" loading=\"lazy\" srcset=\"https:\/\/singulares.mx\/wp-content\/uploads\/2019\/10\/cocina-con-cables-1024x678.jpeg 1024w, https:\/\/singulares.mx\/wp-content\/uploads\/2019\/10\/cocina-con-cables-300x199.jpeg 300w, https:\/\/singulares.mx\/wp-content\/uploads\/2019\/10\/cocina-con-cables-768x509.jpeg 768w, https:\/\/singulares.mx\/wp-content\/uploads\/2019\/10\/cocina-con-cables-980x649.jpeg 980w\" sizes=\"(max-width: 1024px) 100vw, 1024px\" \/><\/a>\n\t\t\t<\/div><\/figure><figure class='gallery-item'>\n\t\t\t<div class='gallery-icon landscape'>\n\t\t\t\t<a data-elementor-open-lightbox=\"default\" data-elementor-lightbox-slideshow=\"93bb61d\" href='https:\/\/singulares.mx\/wp-content\/uploads\/2019\/10\/DSC_0917.jpeg'><img width=\"1024\" height=\"678\" src=\"https:\/\/singulares.mx\/wp-content\/uploads\/2019\/10\/DSC_0917-1024x678.jpeg\" class=\"attachment-large size-large\" alt=\"\" decoding=\"async\" loading=\"lazy\" srcset=\"https:\/\/singulares.mx\/wp-content\/uploads\/2019\/10\/DSC_0917-1024x678.jpeg 1024w, https:\/\/singulares.mx\/wp-content\/uploads\/2019\/10\/DSC_0917-300x199.jpeg 300w, https:\/\/singulares.mx\/wp-content\/uploads\/2019\/10\/DSC_0917-768x509.jpeg 768w, https:\/\/singulares.mx\/wp-content\/uploads\/2019\/10\/DSC_0917-980x649.jpeg 980w\" sizes=\"(max-width: 1024px) 100vw, 1024px\" \/><\/a>\n\t\t\t<\/div><\/figure><figure class='gallery-item'>\n\t\t\t<div class='gallery-icon landscape'>\n\t\t\t\t<a data-elementor-open-lightbox=\"default\" data-elementor-lightbox-slideshow=\"93bb61d\" href='https:\/\/singulares.mx\/wp-content\/uploads\/2019\/10\/DSC_0027.jpeg'><img width=\"1024\" height=\"678\" src=\"https:\/\/singulares.mx\/wp-content\/uploads\/2019\/10\/DSC_0027-1024x678.jpeg\" class=\"attachment-large size-large\" alt=\"\" decoding=\"async\" loading=\"lazy\" srcset=\"https:\/\/singulares.mx\/wp-content\/uploads\/2019\/10\/DSC_0027-1024x678.jpeg 1024w, https:\/\/singulares.mx\/wp-content\/uploads\/2019\/10\/DSC_0027-300x199.jpeg 300w, https:\/\/singulares.mx\/wp-content\/uploads\/2019\/10\/DSC_0027-768x509.jpeg 768w, https:\/\/singulares.mx\/wp-content\/uploads\/2019\/10\/DSC_0027-980x649.jpeg 980w\" sizes=\"(max-width: 1024px) 100vw, 1024px\" \/><\/a>\n\t\t\t<\/div><\/figure><figure class='gallery-item'>\n\t\t\t<div class='gallery-icon landscape'>\n\t\t\t\t<a data-elementor-open-lightbox=\"default\" data-elementor-lightbox-slideshow=\"93bb61d\" href='https:\/\/singulares.mx\/wp-content\/uploads\/2019\/10\/ante-comedor.jpeg'><img width=\"1024\" height=\"678\" src=\"https:\/\/singulares.mx\/wp-content\/uploads\/2019\/10\/ante-comedor-1024x678.jpeg\" class=\"attachment-large size-large\" alt=\"\" decoding=\"async\" loading=\"lazy\" srcset=\"https:\/\/singulares.mx\/wp-content\/uploads\/2019\/10\/ante-comedor-1024x678.jpeg 1024w, https:\/\/singulares.mx\/wp-content\/uploads\/2019\/10\/ante-comedor-300x199.jpeg 300w, https:\/\/singulares.mx\/wp-content\/uploads\/2019\/10\/ante-comedor-768x509.jpeg 768w, https:\/\/singulares.mx\/wp-content\/uploads\/2019\/10\/ante-comedor-980x649.jpeg 980w\" sizes=\"(max-width: 1024px) 100vw, 1024px\" \/><\/a>\n\t\t\t<\/div><\/figure><figure class='gallery-item'>\n\t\t\t<div class='gallery-icon landscape'>\n\t\t\t\t<a data-elementor-open-lightbox=\"default\" data-elementor-lightbox-slideshow=\"93bb61d\" href='https:\/\/singulares.mx\/wp-content\/uploads\/2019\/10\/ba\u00f1o-principal.jpeg'><img width=\"1024\" height=\"678\" src=\"https:\/\/singulares.mx\/wp-content\/uploads\/2019\/10\/ba\u00f1o-principal-1024x678.jpeg\" class=\"attachment-large size-large\" alt=\"\" decoding=\"async\" loading=\"lazy\" srcset=\"https:\/\/singulares.mx\/wp-content\/uploads\/2019\/10\/ba\u00f1o-principal-1024x678.jpeg 1024w, https:\/\/singulares.mx\/wp-content\/uploads\/2019\/10\/ba\u00f1o-principal-300x199.jpeg 300w, https:\/\/singulares.mx\/wp-content\/uploads\/2019\/10\/ba\u00f1o-principal-768x509.jpeg 768w, https:\/\/singulares.mx\/wp-content\/uploads\/2019\/10\/ba\u00f1o-principal-980x649.jpeg 980w\" sizes=\"(max-width: 1024px) 100vw, 1024px\" \/><\/a>\n\t\t\t<\/div><\/figure><figure class='gallery-item'>\n\t\t\t<div class='gallery-icon landscape'>\n\t\t\t\t<a data-elementor-open-lightbox=\"default\" data-elementor-lightbox-slideshow=\"93bb61d\" href='https:\/\/singulares.mx\/wp-content\/uploads\/2019\/10\/DSC_0058.jpeg'><img width=\"1024\" height=\"678\" src=\"https:\/\/singulares.mx\/wp-content\/uploads\/2019\/10\/DSC_0058-1024x678.jpeg\" class=\"attachment-large size-large\" alt=\"\" decoding=\"async\" loading=\"lazy\" srcset=\"https:\/\/singulares.mx\/wp-content\/uploads\/2019\/10\/DSC_0058-1024x678.jpeg 1024w, https:\/\/singulares.mx\/wp-content\/uploads\/2019\/10\/DSC_0058-300x199.jpeg 300w, https:\/\/singulares.mx\/wp-content\/uploads\/2019\/10\/DSC_0058-768x509.jpeg 768w, https:\/\/singulares.mx\/wp-content\/uploads\/2019\/10\/DSC_0058-980x649.jpeg 980w\" sizes=\"(max-width: 1024px) 100vw, 1024px\" \/><\/a>\n\t\t\t<\/div><\/figure><figure class='gallery-item'>\n\t\t\t<div class='gallery-icon landscape'>\n\t\t\t\t<a data-elementor-open-lightbox=\"default\" data-elementor-lightbox-slideshow=\"93bb61d\" href='https:\/\/singulares.mx\/wp-content\/uploads\/2019\/10\/DSC_0706.jpeg'><img width=\"1024\" height=\"678\" src=\"https:\/\/singulares.mx\/wp-content\/uploads\/2019\/10\/DSC_0706-1024x678.jpeg\" class=\"attachment-large size-large\" alt=\"\" decoding=\"async\" loading=\"lazy\" srcset=\"https:\/\/singulares.mx\/wp-content\/uploads\/2019\/10\/DSC_0706-1024x678.jpeg 1024w, https:\/\/singulares.mx\/wp-content\/uploads\/2019\/10\/DSC_0706-300x199.jpeg 300w, https:\/\/singulares.mx\/wp-content\/uploads\/2019\/10\/DSC_0706-768x509.jpeg 768w, https:\/\/singulares.mx\/wp-content\/uploads\/2019\/10\/DSC_0706-980x649.jpeg 980w\" sizes=\"(max-width: 1024px) 100vw, 1024px\" \/><\/a>\n\t\t\t<\/div><\/figure><figure class='gallery-item'>\n\t\t\t<div class='gallery-icon landscape'>\n\t\t\t\t<a data-elementor-open-lightbox=\"default\" data-elementor-lightbox-slideshow=\"93bb61d\" href='https:\/\/singulares.mx\/wp-content\/uploads\/2019\/10\/DSC_0061.jpeg'><img width=\"1024\" height=\"678\" src=\"https:\/\/singulares.mx\/wp-content\/uploads\/2019\/10\/DSC_0061-1024x678.jpeg\" class=\"attachment-large size-large\" alt=\"\" decoding=\"async\" loading=\"lazy\" srcset=\"https:\/\/singulares.mx\/wp-content\/uploads\/2019\/10\/DSC_0061-1024x678.jpeg 1024w, https:\/\/singulares.mx\/wp-content\/uploads\/2019\/10\/DSC_0061-300x199.jpeg 300w, https:\/\/singulares.mx\/wp-content\/uploads\/2019\/10\/DSC_0061-768x509.jpeg 768w, https:\/\/singulares.mx\/wp-content\/uploads\/2019\/10\/DSC_0061-980x649.jpeg 980w\" sizes=\"(max-width: 1024px) 100vw, 1024px\" \/><\/a>\n\t\t\t<\/div><\/figure><figure class='gallery-item'>\n\t\t\t<div class='gallery-icon landscape'>\n\t\t\t\t<a data-elementor-open-lightbox=\"default\" data-elementor-lightbox-slideshow=\"93bb61d\" href='https:\/\/singulares.mx\/wp-content\/uploads\/2019\/10\/DSC_0748.jpeg'><img width=\"1024\" height=\"678\" src=\"https:\/\/singulares.mx\/wp-content\/uploads\/2019\/10\/DSC_0748-1024x678.jpeg\" class=\"attachment-large size-large\" alt=\"\" decoding=\"async\" loading=\"lazy\" srcset=\"https:\/\/singulares.mx\/wp-content\/uploads\/2019\/10\/DSC_0748-1024x678.jpeg 1024w, https:\/\/singulares.mx\/wp-content\/uploads\/2019\/10\/DSC_0748-300x199.jpeg 300w, https:\/\/singulares.mx\/wp-content\/uploads\/2019\/10\/DSC_0748-768x509.jpeg 768w, https:\/\/singulares.mx\/wp-content\/uploads\/2019\/10\/DSC_0748-980x649.jpeg 980w\" sizes=\"(max-width: 1024px) 100vw, 1024px\" \/><\/a>\n\t\t\t<\/div><\/figure><figure class='gallery-item'>\n\t\t\t<div class='gallery-icon landscape'>\n\t\t\t\t<a data-elementor-open-lightbox=\"default\" data-elementor-lightbox-slideshow=\"93bb61d\" href='https:\/\/singulares.mx\/wp-content\/uploads\/2019\/10\/DSC_0035.jpeg'><img width=\"1024\" height=\"678\" src=\"https:\/\/singulares.mx\/wp-content\/uploads\/2019\/10\/DSC_0035-1024x678.jpeg\" class=\"attachment-large size-large\" alt=\"\" decoding=\"async\" loading=\"lazy\" srcset=\"https:\/\/singulares.mx\/wp-content\/uploads\/2019\/10\/DSC_0035-1024x678.jpeg 1024w, https:\/\/singulares.mx\/wp-content\/uploads\/2019\/10\/DSC_0035-300x199.jpeg 300w, https:\/\/singulares.mx\/wp-content\/uploads\/2019\/10\/DSC_0035-768x509.jpeg 768w, https:\/\/singulares.mx\/wp-content\/uploads\/2019\/10\/DSC_0035-980x649.jpeg 980w\" sizes=\"(max-width: 1024px) 100vw, 1024px\" \/><\/a>\n\t\t\t<\/div><\/figure><figure class='gallery-item'>\n\t\t\t<div class='gallery-icon landscape'>\n\t\t\t\t<a data-elementor-open-lightbox=\"default\" data-elementor-lightbox-slideshow=\"93bb61d\" href='https:\/\/singulares.mx\/wp-content\/uploads\/2019\/10\/cocina-3.jpeg'><img width=\"1024\" height=\"678\" src=\"https:\/\/singulares.mx\/wp-content\/uploads\/2019\/10\/cocina-3-1024x678.jpeg\" class=\"attachment-large size-large\" alt=\"\" decoding=\"async\" loading=\"lazy\" srcset=\"https:\/\/singulares.mx\/wp-content\/uploads\/2019\/10\/cocina-3-1024x678.jpeg 1024w, https:\/\/singulares.mx\/wp-content\/uploads\/2019\/10\/cocina-3-300x199.jpeg 300w, https:\/\/singulares.mx\/wp-content\/uploads\/2019\/10\/cocina-3-768x509.jpeg 768w, https:\/\/singulares.mx\/wp-content\/uploads\/2019\/10\/cocina-3-980x649.jpeg 980w\" sizes=\"(max-width: 1024px) 100vw, 1024px\" \/><\/a>\n\t\t\t<\/div><\/figure><figure class='gallery-item'>\n\t\t\t<div class='gallery-icon landscape'>\n\t\t\t\t<a data-elementor-open-lightbox=\"default\" data-elementor-lightbox-slideshow=\"93bb61d\" href='https:\/\/singulares.mx\/wp-content\/uploads\/2019\/10\/DSC_0902.jpeg'><img width=\"1024\" height=\"678\" src=\"https:\/\/singulares.mx\/wp-content\/uploads\/2019\/10\/DSC_0902-1024x678.jpeg\" class=\"attachment-large size-large\" alt=\"\" decoding=\"async\" loading=\"lazy\" srcset=\"https:\/\/singulares.mx\/wp-content\/uploads\/2019\/10\/DSC_0902-1024x678.jpeg 1024w, https:\/\/singulares.mx\/wp-content\/uploads\/2019\/10\/DSC_0902-300x199.jpeg 300w, https:\/\/singulares.mx\/wp-content\/uploads\/2019\/10\/DSC_0902-768x509.jpeg 768w, https:\/\/singulares.mx\/wp-content\/uploads\/2019\/10\/DSC_0902-980x649.jpeg 980w\" sizes=\"(max-width: 1024px) 100vw, 1024px\" \/><\/a>\n\t\t\t<\/div><\/figure>\n\t\t<\/div>\n\t\t<\/div>\n\t\t\t\t<\/div>\n\t\t\t\t<\/div>\n\t\t\t\t\t\t<\/div>\n\t\t\t<\/div>\n\t\t<\/div>\n\t\t\t\t<div class=\"elementor-element elementor-element-da28fd7 elementor-column elementor-col-33 elementor-top-column\" data-id=\"da28fd7\" data-element_type=\"column\">\n\t\t\t<div class=\"elementor-column-wrap  elementor-element-populated\">\n\t\t\t\t\t<div class=\"elementor-widget-wrap\">\n\t\t\t\t<div class=\"elementor-element elementor-element-f8b727f elementor-widget elementor-widget-text-editor\" data-id=\"f8b727f\" data-element_type=\"widget\" data-widget_type=\"text-editor.default\">\n\t\t\t\t<div class=\"elementor-widget-container\">\n\t\t\t\t\t<div class=\"elementor-text-editor elementor-clearfix\"><div data-id=\"3e543a2\" data-element_type=\"column\"><div data-id=\"9cab6fb\" data-element_type=\"widget\" data-widget_type=\"heading.default\"><div data-id=\"9cab6fb\" data-element_type=\"widget\" data-widget_type=\"heading.default\"><div><h3><span style=\"color: #4d4d4d;\">DETALLES<\/span><\/h3><div>\u00a0<\/div><hr \/><\/div><\/div><div data-id=\"dd59d67\" data-element_type=\"widget\" data-widget_type=\"pr-infobox.default\"><h4>Terreno<\/h4><p>380 m2<\/p><\/div><div data-id=\"ae37928\" data-element_type=\"widget\" data-widget_type=\"pr-infobox.default\"><h4>Construcci\u00f3n<\/h4><p>511 m2<\/p><\/div><div data-id=\"48e50df\" data-element_type=\"widget\" data-widget_type=\"pr-infobox.default\"><div data-id=\"48e50df\" data-element_type=\"widget\" data-widget_type=\"pr-infobox.default\"><h4>Arquitecto<\/h4><p>Arq. C\u00e9sar D\u00edaz V\u00e9lez<\/p><\/div><\/div><\/div><\/div><\/div>\n\t\t\t\t<\/div>\n\t\t\t\t<\/div>\n\t\t\t\t\t\t<\/div>\n\t\t\t<\/div>\n\t\t<\/div>\n\t\t\t\t\t\t<\/div>\n\t\t\t<\/div>\n\t\t<\/section>\n\t\t\t\t\t\t<\/div>\n\t\t\t<\/div>\n\t\t<\/div>\n\t\t","protected":false},"excerpt":{"rendered":"<p>VILLA MONTA\u00d1A 2 DETALLES \u00a0 Terreno 380 m2 Construcci\u00f3n 511 m2 Arquitecto Arq. C\u00e9sar D\u00edaz V\u00e9lez<\/p>\n","protected":false},"author":2,"featured_media":953,"parent":0,"menu_order":0,"comment_status":"closed","ping_status":"closed","template":"single-portfolio.php","meta":{"footnotes":""},"_links":{"self":[{"href":"https:\/\/singulares.mx\/index.php?rest_route=\/wp\/v2\/pages\/945"}],"collection":[{"href":"https:\/\/singulares.mx\/index.php?rest_route=\/wp\/v2\/pages"}],"about":[{"href":"https:\/\/singulares.mx\/index.php?rest_route=\/wp\/v2\/types\/page"}],"author":[{"embeddable":true,"href":"https:\/\/singulares.mx\/index.php?rest_route=\/wp\/v2\/users\/2"}],"replies":[{"embeddable":true,"href":"https:\/\/singulares.mx\/index.php?rest_route=%2Fwp%2Fv2%2Fcomments&post=945"}],"version-history":[{"count":13,"href":"https:\/\/singulares.mx\/index.php?rest_route=\/wp\/v2\/pages\/945\/revisions"}],"predecessor-version":[{"id":1261,"href":"https:\/\/singulares.mx\/index.php?rest_route=\/wp\/v2\/pages\/945\/revisions\/1261"}],"wp:featuredmedia":[{"embeddable":true,"href":"https:\/\/singulares.mx\/index.php?rest_route=\/wp\/v2\/media\/953"}],"wp:attachment":[{"href":"https:\/\/singulares.mx\/index.php?rest_route=%2Fwp%2Fv2%2Fmedia&parent=945"}],"curies":[{"name":"wp","href":"https:\/\/api.w.org\/{rel}","templated":true}]}}