{"id":861,"date":"2019-10-12T16:57:33","date_gmt":"2019-10-12T21:57:33","guid":{"rendered":"http:\/\/singulares.mx\/?page_id=861"},"modified":"2019-11-11T11:53:13","modified_gmt":"2019-11-11T17:53:13","slug":"bosques-2","status":"publish","type":"page","link":"https:\/\/singulares.mx\/?page_id=861","title":{"rendered":"Bosques 2"},"content":{"rendered":"\t\t<div data-elementor-type=\"wp-page\" data-elementor-id=\"861\" class=\"elementor elementor-861\" data-elementor-settings=\"[]\">\n\t\t\t<div class=\"elementor-inner\">\n\t\t\t\t<div class=\"elementor-section-wrap\">\n\t\t\t\t\t\t\t<section class=\"elementor-element elementor-element-95e4534 elementor-section-boxed elementor-section-height-default elementor-section-height-default elementor-section elementor-top-section\" data-id=\"95e4534\" data-element_type=\"section\">\n\t\t\t\t\t\t<div class=\"elementor-container elementor-column-gap-default\">\n\t\t\t\t<div class=\"elementor-row\">\n\t\t\t\t<div class=\"elementor-element elementor-element-ea06024 elementor-column elementor-col-66 elementor-top-column\" data-id=\"ea06024\" data-element_type=\"column\">\n\t\t\t<div class=\"elementor-column-wrap  elementor-element-populated\">\n\t\t\t\t\t<div class=\"elementor-widget-wrap\">\n\t\t\t\t<div class=\"elementor-element elementor-element-405bead elementor-widget elementor-widget-text-editor\" data-id=\"405bead\" data-element_type=\"widget\" data-widget_type=\"text-editor.default\">\n\t\t\t\t<div class=\"elementor-widget-container\">\n\t\t\t\t\t<div class=\"elementor-text-editor elementor-clearfix\"><h2>BOSQUES 2<\/h2><\/div>\n\t\t\t\t<\/div>\n\t\t\t\t<\/div>\n\t\t\t\t<div class=\"elementor-element elementor-element-93bb61d elementor-widget elementor-widget-image-gallery\" data-id=\"93bb61d\" data-element_type=\"widget\" data-widget_type=\"image-gallery.default\">\n\t\t\t\t<div class=\"elementor-widget-container\">\n\t\t\t\t\t<div class=\"elementor-image-gallery\">\n\t\t\t<div id='gallery-1' class='gallery galleryid-861 gallery-columns-3 gallery-size-large'><figure class='gallery-item'>\n\t\t\t<div class='gallery-icon portrait'>\n\t\t\t\t<a data-elementor-open-lightbox=\"default\" data-elementor-lightbox-slideshow=\"93bb61d\" href='https:\/\/singulares.mx\/wp-content\/uploads\/2019\/10\/DSC_0575.jpeg'><img width=\"678\" height=\"1024\" src=\"https:\/\/singulares.mx\/wp-content\/uploads\/2019\/10\/DSC_0575-678x1024.jpeg\" class=\"attachment-large size-large\" alt=\"\" decoding=\"async\" loading=\"lazy\" srcset=\"https:\/\/singulares.mx\/wp-content\/uploads\/2019\/10\/DSC_0575-678x1024.jpeg 678w, https:\/\/singulares.mx\/wp-content\/uploads\/2019\/10\/DSC_0575-199x300.jpeg 199w, https:\/\/singulares.mx\/wp-content\/uploads\/2019\/10\/DSC_0575-768x1160.jpeg 768w, https:\/\/singulares.mx\/wp-content\/uploads\/2019\/10\/DSC_0575-487x735.jpeg 487w\" sizes=\"(max-width: 678px) 100vw, 678px\" \/><\/a>\n\t\t\t<\/div><\/figure><figure class='gallery-item'>\n\t\t\t<div class='gallery-icon portrait'>\n\t\t\t\t<a data-elementor-open-lightbox=\"default\" data-elementor-lightbox-slideshow=\"93bb61d\" href='https:\/\/singulares.mx\/wp-content\/uploads\/2019\/10\/DSC_0438.jpeg'><img width=\"678\" height=\"1024\" src=\"https:\/\/singulares.mx\/wp-content\/uploads\/2019\/10\/DSC_0438-678x1024.jpeg\" class=\"attachment-large size-large\" alt=\"\" decoding=\"async\" loading=\"lazy\" srcset=\"https:\/\/singulares.mx\/wp-content\/uploads\/2019\/10\/DSC_0438-678x1024.jpeg 678w, https:\/\/singulares.mx\/wp-content\/uploads\/2019\/10\/DSC_0438-199x300.jpeg 199w, https:\/\/singulares.mx\/wp-content\/uploads\/2019\/10\/DSC_0438-768x1160.jpeg 768w, https:\/\/singulares.mx\/wp-content\/uploads\/2019\/10\/DSC_0438-487x735.jpeg 487w\" sizes=\"(max-width: 678px) 100vw, 678px\" \/><\/a>\n\t\t\t<\/div><\/figure><figure class='gallery-item'>\n\t\t\t<div class='gallery-icon portrait'>\n\t\t\t\t<a data-elementor-open-lightbox=\"default\" data-elementor-lightbox-slideshow=\"93bb61d\" href='https:\/\/singulares.mx\/wp-content\/uploads\/2019\/10\/DSC_0453.jpeg'><img width=\"678\" height=\"1024\" src=\"https:\/\/singulares.mx\/wp-content\/uploads\/2019\/10\/DSC_0453-678x1024.jpeg\" class=\"attachment-large size-large\" alt=\"\" decoding=\"async\" loading=\"lazy\" srcset=\"https:\/\/singulares.mx\/wp-content\/uploads\/2019\/10\/DSC_0453-678x1024.jpeg 678w, https:\/\/singulares.mx\/wp-content\/uploads\/2019\/10\/DSC_0453-199x300.jpeg 199w, https:\/\/singulares.mx\/wp-content\/uploads\/2019\/10\/DSC_0453-768x1160.jpeg 768w, https:\/\/singulares.mx\/wp-content\/uploads\/2019\/10\/DSC_0453-487x735.jpeg 487w\" sizes=\"(max-width: 678px) 100vw, 678px\" \/><\/a>\n\t\t\t<\/div><\/figure><figure class='gallery-item'>\n\t\t\t<div class='gallery-icon landscape'>\n\t\t\t\t<a data-elementor-open-lightbox=\"default\" data-elementor-lightbox-slideshow=\"93bb61d\" href='https:\/\/singulares.mx\/wp-content\/uploads\/2019\/10\/DSC_0451.jpeg'><img width=\"1024\" height=\"678\" src=\"https:\/\/singulares.mx\/wp-content\/uploads\/2019\/10\/DSC_0451-1024x678.jpeg\" class=\"attachment-large size-large\" alt=\"\" decoding=\"async\" loading=\"lazy\" srcset=\"https:\/\/singulares.mx\/wp-content\/uploads\/2019\/10\/DSC_0451-1024x678.jpeg 1024w, https:\/\/singulares.mx\/wp-content\/uploads\/2019\/10\/DSC_0451-300x199.jpeg 300w, https:\/\/singulares.mx\/wp-content\/uploads\/2019\/10\/DSC_0451-768x509.jpeg 768w, https:\/\/singulares.mx\/wp-content\/uploads\/2019\/10\/DSC_0451-980x649.jpeg 980w\" sizes=\"(max-width: 1024px) 100vw, 1024px\" \/><\/a>\n\t\t\t<\/div><\/figure><figure class='gallery-item'>\n\t\t\t<div class='gallery-icon landscape'>\n\t\t\t\t<a data-elementor-open-lightbox=\"default\" data-elementor-lightbox-slideshow=\"93bb61d\" href='https:\/\/singulares.mx\/wp-content\/uploads\/2019\/10\/DSC_0455.jpeg'><img width=\"1024\" height=\"678\" src=\"https:\/\/singulares.mx\/wp-content\/uploads\/2019\/10\/DSC_0455-1024x678.jpeg\" class=\"attachment-large size-large\" alt=\"\" decoding=\"async\" loading=\"lazy\" srcset=\"https:\/\/singulares.mx\/wp-content\/uploads\/2019\/10\/DSC_0455-1024x678.jpeg 1024w, https:\/\/singulares.mx\/wp-content\/uploads\/2019\/10\/DSC_0455-300x199.jpeg 300w, https:\/\/singulares.mx\/wp-content\/uploads\/2019\/10\/DSC_0455-768x509.jpeg 768w, https:\/\/singulares.mx\/wp-content\/uploads\/2019\/10\/DSC_0455-980x649.jpeg 980w\" sizes=\"(max-width: 1024px) 100vw, 1024px\" \/><\/a>\n\t\t\t<\/div><\/figure><figure class='gallery-item'>\n\t\t\t<div class='gallery-icon landscape'>\n\t\t\t\t<a data-elementor-open-lightbox=\"default\" data-elementor-lightbox-slideshow=\"93bb61d\" href='https:\/\/singulares.mx\/wp-content\/uploads\/2019\/10\/DSC_0469.jpeg'><img width=\"1024\" height=\"678\" src=\"https:\/\/singulares.mx\/wp-content\/uploads\/2019\/10\/DSC_0469-1024x678.jpeg\" class=\"attachment-large size-large\" alt=\"\" decoding=\"async\" loading=\"lazy\" srcset=\"https:\/\/singulares.mx\/wp-content\/uploads\/2019\/10\/DSC_0469-1024x678.jpeg 1024w, https:\/\/singulares.mx\/wp-content\/uploads\/2019\/10\/DSC_0469-300x199.jpeg 300w, https:\/\/singulares.mx\/wp-content\/uploads\/2019\/10\/DSC_0469-768x509.jpeg 768w, https:\/\/singulares.mx\/wp-content\/uploads\/2019\/10\/DSC_0469-980x649.jpeg 980w\" sizes=\"(max-width: 1024px) 100vw, 1024px\" \/><\/a>\n\t\t\t<\/div><\/figure><figure class='gallery-item'>\n\t\t\t<div class='gallery-icon landscape'>\n\t\t\t\t<a data-elementor-open-lightbox=\"default\" data-elementor-lightbox-slideshow=\"93bb61d\" href='https:\/\/singulares.mx\/wp-content\/uploads\/2019\/10\/DSC_0493.jpeg'><img width=\"1024\" height=\"678\" src=\"https:\/\/singulares.mx\/wp-content\/uploads\/2019\/10\/DSC_0493-1024x678.jpeg\" class=\"attachment-large size-large\" alt=\"\" decoding=\"async\" loading=\"lazy\" srcset=\"https:\/\/singulares.mx\/wp-content\/uploads\/2019\/10\/DSC_0493-1024x678.jpeg 1024w, https:\/\/singulares.mx\/wp-content\/uploads\/2019\/10\/DSC_0493-300x199.jpeg 300w, https:\/\/singulares.mx\/wp-content\/uploads\/2019\/10\/DSC_0493-768x509.jpeg 768w, https:\/\/singulares.mx\/wp-content\/uploads\/2019\/10\/DSC_0493-980x649.jpeg 980w\" sizes=\"(max-width: 1024px) 100vw, 1024px\" \/><\/a>\n\t\t\t<\/div><\/figure><figure class='gallery-item'>\n\t\t\t<div class='gallery-icon landscape'>\n\t\t\t\t<a data-elementor-open-lightbox=\"default\" data-elementor-lightbox-slideshow=\"93bb61d\" href='https:\/\/singulares.mx\/wp-content\/uploads\/2019\/10\/DSC_0499.jpeg'><img width=\"1024\" height=\"678\" src=\"https:\/\/singulares.mx\/wp-content\/uploads\/2019\/10\/DSC_0499-1024x678.jpeg\" class=\"attachment-large size-large\" alt=\"\" decoding=\"async\" loading=\"lazy\" srcset=\"https:\/\/singulares.mx\/wp-content\/uploads\/2019\/10\/DSC_0499-1024x678.jpeg 1024w, https:\/\/singulares.mx\/wp-content\/uploads\/2019\/10\/DSC_0499-300x199.jpeg 300w, https:\/\/singulares.mx\/wp-content\/uploads\/2019\/10\/DSC_0499-768x509.jpeg 768w, https:\/\/singulares.mx\/wp-content\/uploads\/2019\/10\/DSC_0499-980x649.jpeg 980w\" sizes=\"(max-width: 1024px) 100vw, 1024px\" \/><\/a>\n\t\t\t<\/div><\/figure><figure class='gallery-item'>\n\t\t\t<div class='gallery-icon landscape'>\n\t\t\t\t<a data-elementor-open-lightbox=\"default\" data-elementor-lightbox-slideshow=\"93bb61d\" href='https:\/\/singulares.mx\/wp-content\/uploads\/2019\/10\/DSC_0553.jpeg'><img width=\"1024\" height=\"678\" src=\"https:\/\/singulares.mx\/wp-content\/uploads\/2019\/10\/DSC_0553-1024x678.jpeg\" class=\"attachment-large size-large\" alt=\"\" decoding=\"async\" loading=\"lazy\" srcset=\"https:\/\/singulares.mx\/wp-content\/uploads\/2019\/10\/DSC_0553-1024x678.jpeg 1024w, https:\/\/singulares.mx\/wp-content\/uploads\/2019\/10\/DSC_0553-300x199.jpeg 300w, https:\/\/singulares.mx\/wp-content\/uploads\/2019\/10\/DSC_0553-768x509.jpeg 768w, https:\/\/singulares.mx\/wp-content\/uploads\/2019\/10\/DSC_0553-980x649.jpeg 980w\" sizes=\"(max-width: 1024px) 100vw, 1024px\" \/><\/a>\n\t\t\t<\/div><\/figure><figure class='gallery-item'>\n\t\t\t<div class='gallery-icon portrait'>\n\t\t\t\t<a data-elementor-open-lightbox=\"default\" data-elementor-lightbox-slideshow=\"93bb61d\" href='https:\/\/singulares.mx\/wp-content\/uploads\/2019\/10\/DSC_0519.jpeg'><img width=\"678\" height=\"1024\" src=\"https:\/\/singulares.mx\/wp-content\/uploads\/2019\/10\/DSC_0519-678x1024.jpeg\" class=\"attachment-large size-large\" alt=\"\" decoding=\"async\" loading=\"lazy\" srcset=\"https:\/\/singulares.mx\/wp-content\/uploads\/2019\/10\/DSC_0519-678x1024.jpeg 678w, https:\/\/singulares.mx\/wp-content\/uploads\/2019\/10\/DSC_0519-199x300.jpeg 199w, https:\/\/singulares.mx\/wp-content\/uploads\/2019\/10\/DSC_0519-768x1160.jpeg 768w, https:\/\/singulares.mx\/wp-content\/uploads\/2019\/10\/DSC_0519-487x735.jpeg 487w\" sizes=\"(max-width: 678px) 100vw, 678px\" \/><\/a>\n\t\t\t<\/div><\/figure><figure class='gallery-item'>\n\t\t\t<div class='gallery-icon landscape'>\n\t\t\t\t<a data-elementor-open-lightbox=\"default\" data-elementor-lightbox-slideshow=\"93bb61d\" href='https:\/\/singulares.mx\/wp-content\/uploads\/2019\/10\/DSC_0564.jpeg'><img width=\"1024\" height=\"678\" src=\"https:\/\/singulares.mx\/wp-content\/uploads\/2019\/10\/DSC_0564-1024x678.jpeg\" class=\"attachment-large size-large\" alt=\"\" decoding=\"async\" loading=\"lazy\" srcset=\"https:\/\/singulares.mx\/wp-content\/uploads\/2019\/10\/DSC_0564-1024x678.jpeg 1024w, https:\/\/singulares.mx\/wp-content\/uploads\/2019\/10\/DSC_0564-300x199.jpeg 300w, https:\/\/singulares.mx\/wp-content\/uploads\/2019\/10\/DSC_0564-768x509.jpeg 768w, https:\/\/singulares.mx\/wp-content\/uploads\/2019\/10\/DSC_0564-980x649.jpeg 980w\" sizes=\"(max-width: 1024px) 100vw, 1024px\" \/><\/a>\n\t\t\t<\/div><\/figure>\n\t\t<\/div>\n\t\t<\/div>\n\t\t\t\t<\/div>\n\t\t\t\t<\/div>\n\t\t\t\t\t\t<\/div>\n\t\t\t<\/div>\n\t\t<\/div>\n\t\t\t\t<div class=\"elementor-element elementor-element-da28fd7 elementor-column elementor-col-33 elementor-top-column\" data-id=\"da28fd7\" data-element_type=\"column\">\n\t\t\t<div class=\"elementor-column-wrap  elementor-element-populated\">\n\t\t\t\t\t<div class=\"elementor-widget-wrap\">\n\t\t\t\t<div class=\"elementor-element elementor-element-f8b727f elementor-widget elementor-widget-text-editor\" data-id=\"f8b727f\" data-element_type=\"widget\" data-widget_type=\"text-editor.default\">\n\t\t\t\t<div class=\"elementor-widget-container\">\n\t\t\t\t\t<div class=\"elementor-text-editor elementor-clearfix\"><div data-id=\"3e543a2\" data-element_type=\"column\"><div data-id=\"9cab6fb\" data-element_type=\"widget\" data-widget_type=\"heading.default\"><div data-id=\"9cab6fb\" data-element_type=\"widget\" data-widget_type=\"heading.default\"><div><h3 style=\"color: #4d4d4d;\">DETALLES<\/h3><\/div><div>\u00a0<\/div><\/div><div data-id=\"dd59d67\" data-element_type=\"widget\" data-widget_type=\"pr-infobox.default\"><h4>Terreno<\/h4><p>250 m2<\/p><\/div><div data-id=\"ae37928\" data-element_type=\"widget\" data-widget_type=\"pr-infobox.default\"><h4>Construcci\u00f3n<\/h4><p>426 m2<\/p><\/div><div data-id=\"48e50df\" data-element_type=\"widget\" data-widget_type=\"pr-infobox.default\"><div data-id=\"48e50df\" data-element_type=\"widget\" data-widget_type=\"pr-infobox.default\"><h4>Arquitecto<\/h4><p>Arq. C\u00e9sar D\u00edaz V\u00e9lez<\/p><\/div><\/div><\/div><\/div><\/div>\n\t\t\t\t<\/div>\n\t\t\t\t<\/div>\n\t\t\t\t\t\t<\/div>\n\t\t\t<\/div>\n\t\t<\/div>\n\t\t\t\t\t\t<\/div>\n\t\t\t<\/div>\n\t\t<\/section>\n\t\t\t\t\t\t<\/div>\n\t\t\t<\/div>\n\t\t<\/div>\n\t\t","protected":false},"excerpt":{"rendered":"<p>BOSQUES 2 DETALLES Terreno 250 m2 Construcci\u00f3n 426 m2 Arquitecto Arq. C\u00e9sar D\u00edaz V\u00e9lez<\/p>\n","protected":false},"author":2,"featured_media":863,"parent":0,"menu_order":0,"comment_status":"closed","ping_status":"closed","template":"single-portfolio.php","meta":{"footnotes":""},"_links":{"self":[{"href":"https:\/\/singulares.mx\/index.php?rest_route=\/wp\/v2\/pages\/861"}],"collection":[{"href":"https:\/\/singulares.mx\/index.php?rest_route=\/wp\/v2\/pages"}],"about":[{"href":"https:\/\/singulares.mx\/index.php?rest_route=\/wp\/v2\/types\/page"}],"author":[{"embeddable":true,"href":"https:\/\/singulares.mx\/index.php?rest_route=\/wp\/v2\/users\/2"}],"replies":[{"embeddable":true,"href":"https:\/\/singulares.mx\/index.php?rest_route=%2Fwp%2Fv2%2Fcomments&post=861"}],"version-history":[{"count":11,"href":"https:\/\/singulares.mx\/index.php?rest_route=\/wp\/v2\/pages\/861\/revisions"}],"predecessor-version":[{"id":1243,"href":"https:\/\/singulares.mx\/index.php?rest_route=\/wp\/v2\/pages\/861\/revisions\/1243"}],"wp:featuredmedia":[{"embeddable":true,"href":"https:\/\/singulares.mx\/index.php?rest_route=\/wp\/v2\/media\/863"}],"wp:attachment":[{"href":"https:\/\/singulares.mx\/index.php?rest_route=%2Fwp%2Fv2%2Fmedia&parent=861"}],"curies":[{"name":"wp","href":"https:\/\/api.w.org\/{rel}","templated":true}]}}