{"id":748,"date":"2019-10-06T08:20:26","date_gmt":"2019-10-06T13:20:26","guid":{"rendered":"http:\/\/singulares.mx\/?page_id=748"},"modified":"2019-11-22T12:34:44","modified_gmt":"2019-11-22T18:34:44","slug":"candelaria","status":"publish","type":"page","link":"https:\/\/singulares.mx\/?page_id=748","title":{"rendered":"Candelaria"},"content":{"rendered":"\t\t<div data-elementor-type=\"wp-page\" data-elementor-id=\"748\" class=\"elementor elementor-748\" data-elementor-settings=\"[]\">\n\t\t\t<div class=\"elementor-inner\">\n\t\t\t\t<div class=\"elementor-section-wrap\">\n\t\t\t\t\t\t\t<section class=\"elementor-element elementor-element-95e4534 elementor-section-boxed elementor-section-height-default elementor-section-height-default elementor-section elementor-top-section\" data-id=\"95e4534\" data-element_type=\"section\">\n\t\t\t\t\t\t<div class=\"elementor-container elementor-column-gap-default\">\n\t\t\t\t<div class=\"elementor-row\">\n\t\t\t\t<div class=\"elementor-element elementor-element-ea06024 elementor-column elementor-col-66 elementor-top-column\" data-id=\"ea06024\" data-element_type=\"column\">\n\t\t\t<div class=\"elementor-column-wrap  elementor-element-populated\">\n\t\t\t\t\t<div class=\"elementor-widget-wrap\">\n\t\t\t\t<div class=\"elementor-element elementor-element-405bead elementor-widget elementor-widget-text-editor\" data-id=\"405bead\" data-element_type=\"widget\" data-widget_type=\"text-editor.default\">\n\t\t\t\t<div class=\"elementor-widget-container\">\n\t\t\t\t\t<div class=\"elementor-text-editor elementor-clearfix\"><h2>CANDELARIA<\/h2>\n<div>&nbsp;<\/div>\n<p>Ubicada frente al hermoso parque de Prados de la Sierra, esta casa cuenta con unas vistas espectaculares a la Sierra Madre y al Poniente. Espacios amplios, luz natural y un espacio social multifuncional, convierte esta casa en un espacio para todas las edades.<\/p><\/div>\n\t\t\t\t<\/div>\n\t\t\t\t<\/div>\n\t\t\t\t<div class=\"elementor-element elementor-element-93bb61d elementor-widget elementor-widget-image-gallery\" data-id=\"93bb61d\" data-element_type=\"widget\" data-widget_type=\"image-gallery.default\">\n\t\t\t\t<div class=\"elementor-widget-container\">\n\t\t\t\t\t<div class=\"elementor-image-gallery\">\n\t\t\t<div id='gallery-1' class='gallery galleryid-748 gallery-columns-3 gallery-size-large'><figure class='gallery-item'>\n\t\t\t<div class='gallery-icon portrait'>\n\t\t\t\t<a data-elementor-open-lightbox=\"default\" data-elementor-lightbox-slideshow=\"93bb61d\" href='https:\/\/singulares.mx\/wp-content\/uploads\/2019\/10\/candelaria-01.jpg'><img width=\"600\" height=\"608\" src=\"https:\/\/singulares.mx\/wp-content\/uploads\/2019\/10\/candelaria-01.jpg\" class=\"attachment-large size-large\" alt=\"\" decoding=\"async\" aria-describedby=\"gallery-1-816\" loading=\"lazy\" srcset=\"https:\/\/singulares.mx\/wp-content\/uploads\/2019\/10\/candelaria-01.jpg 600w, https:\/\/singulares.mx\/wp-content\/uploads\/2019\/10\/candelaria-01-296x300.jpg 296w\" sizes=\"(max-width: 600px) 100vw, 600px\" \/><\/a>\n\t\t\t<\/div>\n\t\t\t\t<figcaption class='wp-caption-text gallery-caption' id='gallery-1-816'>\n\t\t\t\tFachada Principal\n\t\t\t\t<\/figcaption><\/figure><figure class='gallery-item'>\n\t\t\t<div class='gallery-icon portrait'>\n\t\t\t\t<a data-elementor-open-lightbox=\"default\" data-elementor-lightbox-slideshow=\"93bb61d\" href='https:\/\/singulares.mx\/wp-content\/uploads\/2019\/10\/candelaria-03.jpg'><img width=\"600\" height=\"800\" src=\"https:\/\/singulares.mx\/wp-content\/uploads\/2019\/10\/candelaria-03.jpg\" class=\"attachment-large size-large\" alt=\"\" decoding=\"async\" aria-describedby=\"gallery-1-818\" loading=\"lazy\" srcset=\"https:\/\/singulares.mx\/wp-content\/uploads\/2019\/10\/candelaria-03.jpg 600w, https:\/\/singulares.mx\/wp-content\/uploads\/2019\/10\/candelaria-03-225x300.jpg 225w, https:\/\/singulares.mx\/wp-content\/uploads\/2019\/10\/candelaria-03-551x735.jpg 551w\" sizes=\"(max-width: 600px) 100vw, 600px\" \/><\/a>\n\t\t\t<\/div>\n\t\t\t\t<figcaption class='wp-caption-text gallery-caption' id='gallery-1-818'>\n\t\t\t\tFachada Trasera\n\t\t\t\t<\/figcaption><\/figure><figure class='gallery-item'>\n\t\t\t<div class='gallery-icon landscape'>\n\t\t\t\t<a data-elementor-open-lightbox=\"default\" data-elementor-lightbox-slideshow=\"93bb61d\" href='https:\/\/singulares.mx\/wp-content\/uploads\/2019\/11\/PHOTO-2019-06-18-11-52-08-4.jpg'><img width=\"1024\" height=\"768\" src=\"https:\/\/singulares.mx\/wp-content\/uploads\/2019\/11\/PHOTO-2019-06-18-11-52-08-4-1024x768.jpg\" class=\"attachment-large size-large\" alt=\"\" decoding=\"async\" aria-describedby=\"gallery-1-1361\" loading=\"lazy\" srcset=\"https:\/\/singulares.mx\/wp-content\/uploads\/2019\/11\/PHOTO-2019-06-18-11-52-08-4.jpg 1024w, https:\/\/singulares.mx\/wp-content\/uploads\/2019\/11\/PHOTO-2019-06-18-11-52-08-4-300x225.jpg 300w, https:\/\/singulares.mx\/wp-content\/uploads\/2019\/11\/PHOTO-2019-06-18-11-52-08-4-768x576.jpg 768w, https:\/\/singulares.mx\/wp-content\/uploads\/2019\/11\/PHOTO-2019-06-18-11-52-08-4-980x735.jpg 980w\" sizes=\"(max-width: 1024px) 100vw, 1024px\" \/><\/a>\n\t\t\t<\/div>\n\t\t\t\t<figcaption class='wp-caption-text gallery-caption' id='gallery-1-1361'>\n\t\t\t\tEspacio para Cocina\n\t\t\t\t<\/figcaption><\/figure><figure class='gallery-item'>\n\t\t\t<div class='gallery-icon portrait'>\n\t\t\t\t<a data-elementor-open-lightbox=\"default\" data-elementor-lightbox-slideshow=\"93bb61d\" href='https:\/\/singulares.mx\/wp-content\/uploads\/2019\/10\/candelaria-04.jpg'><img width=\"768\" height=\"1024\" src=\"https:\/\/singulares.mx\/wp-content\/uploads\/2019\/10\/candelaria-04-768x1024.jpg\" class=\"attachment-large size-large\" alt=\"\" decoding=\"async\" aria-describedby=\"gallery-1-819\" loading=\"lazy\" srcset=\"https:\/\/singulares.mx\/wp-content\/uploads\/2019\/10\/candelaria-04.jpg 768w, https:\/\/singulares.mx\/wp-content\/uploads\/2019\/10\/candelaria-04-225x300.jpg 225w, https:\/\/singulares.mx\/wp-content\/uploads\/2019\/10\/candelaria-04-551x735.jpg 551w\" sizes=\"(max-width: 768px) 100vw, 768px\" \/><\/a>\n\t\t\t<\/div>\n\t\t\t\t<figcaption class='wp-caption-text gallery-caption' id='gallery-1-819'>\n\t\t\t\tSala\n\t\t\t\t<\/figcaption><\/figure><figure class='gallery-item'>\n\t\t\t<div class='gallery-icon portrait'>\n\t\t\t\t<a data-elementor-open-lightbox=\"default\" data-elementor-lightbox-slideshow=\"93bb61d\" href='https:\/\/singulares.mx\/wp-content\/uploads\/2019\/10\/candelaria-05.jpg'><img width=\"768\" height=\"1024\" src=\"https:\/\/singulares.mx\/wp-content\/uploads\/2019\/10\/candelaria-05-768x1024.jpg\" class=\"attachment-large size-large\" alt=\"\" decoding=\"async\" aria-describedby=\"gallery-1-820\" loading=\"lazy\" srcset=\"https:\/\/singulares.mx\/wp-content\/uploads\/2019\/10\/candelaria-05.jpg 768w, https:\/\/singulares.mx\/wp-content\/uploads\/2019\/10\/candelaria-05-225x300.jpg 225w, https:\/\/singulares.mx\/wp-content\/uploads\/2019\/10\/candelaria-05-551x735.jpg 551w\" sizes=\"(max-width: 768px) 100vw, 768px\" \/><\/a>\n\t\t\t<\/div>\n\t\t\t\t<figcaption class='wp-caption-text gallery-caption' id='gallery-1-820'>\n\t\t\t\tSalida a Terraza Planta Baja\n\t\t\t\t<\/figcaption><\/figure><figure class='gallery-item'>\n\t\t\t<div class='gallery-icon portrait'>\n\t\t\t\t<a data-elementor-open-lightbox=\"default\" data-elementor-lightbox-slideshow=\"93bb61d\" href='https:\/\/singulares.mx\/wp-content\/uploads\/2019\/11\/IMG_6356.jpg'><img width=\"768\" height=\"1024\" src=\"https:\/\/singulares.mx\/wp-content\/uploads\/2019\/11\/IMG_6356-768x1024.jpg\" class=\"attachment-large size-large\" alt=\"\" decoding=\"async\" aria-describedby=\"gallery-1-1225\" loading=\"lazy\" srcset=\"https:\/\/singulares.mx\/wp-content\/uploads\/2019\/11\/IMG_6356-768x1024.jpg 768w, https:\/\/singulares.mx\/wp-content\/uploads\/2019\/11\/IMG_6356-225x300.jpg 225w, https:\/\/singulares.mx\/wp-content\/uploads\/2019\/11\/IMG_6356-551x735.jpg 551w\" sizes=\"(max-width: 768px) 100vw, 768px\" \/><\/a>\n\t\t\t<\/div>\n\t\t\t\t<figcaption class='wp-caption-text gallery-caption' id='gallery-1-1225'>\n\t\t\t\tDoble Terraza\n\t\t\t\t<\/figcaption><\/figure><figure class='gallery-item'>\n\t\t\t<div class='gallery-icon landscape'>\n\t\t\t\t<a data-elementor-open-lightbox=\"default\" data-elementor-lightbox-slideshow=\"93bb61d\" href='https:\/\/singulares.mx\/wp-content\/uploads\/2019\/11\/Casa-R\u00edo-Sena-8-cocina.jpg'><img width=\"1024\" height=\"768\" src=\"https:\/\/singulares.mx\/wp-content\/uploads\/2019\/11\/Casa-R\u00edo-Sena-8-cocina-1024x768.jpg\" class=\"attachment-large size-large\" alt=\"\" decoding=\"async\" aria-describedby=\"gallery-1-1364\" loading=\"lazy\" srcset=\"https:\/\/singulares.mx\/wp-content\/uploads\/2019\/11\/Casa-R\u00edo-Sena-8-cocina-1024x768.jpg 1024w, https:\/\/singulares.mx\/wp-content\/uploads\/2019\/11\/Casa-R\u00edo-Sena-8-cocina-300x225.jpg 300w, https:\/\/singulares.mx\/wp-content\/uploads\/2019\/11\/Casa-R\u00edo-Sena-8-cocina-768x576.jpg 768w, https:\/\/singulares.mx\/wp-content\/uploads\/2019\/11\/Casa-R\u00edo-Sena-8-cocina-980x735.jpg 980w\" sizes=\"(max-width: 1024px) 100vw, 1024px\" \/><\/a>\n\t\t\t<\/div>\n\t\t\t\t<figcaption class='wp-caption-text gallery-caption' id='gallery-1-1364'>\n\t\t\t\tVista de la Terraza y Rec\u00e1maras\n\t\t\t\t<\/figcaption><\/figure><figure class='gallery-item'>\n\t\t\t<div class='gallery-icon landscape'>\n\t\t\t\t<a data-elementor-open-lightbox=\"default\" data-elementor-lightbox-slideshow=\"93bb61d\" href='https:\/\/singulares.mx\/wp-content\/uploads\/2019\/11\/IMG_4247.jpg'><img width=\"1024\" height=\"768\" src=\"https:\/\/singulares.mx\/wp-content\/uploads\/2019\/11\/IMG_4247-1024x768.jpg\" class=\"attachment-large size-large\" alt=\"\" decoding=\"async\" aria-describedby=\"gallery-1-1360\" loading=\"lazy\" srcset=\"https:\/\/singulares.mx\/wp-content\/uploads\/2019\/11\/IMG_4247-1024x768.jpg 1024w, https:\/\/singulares.mx\/wp-content\/uploads\/2019\/11\/IMG_4247-300x225.jpg 300w, https:\/\/singulares.mx\/wp-content\/uploads\/2019\/11\/IMG_4247-768x576.jpg 768w, https:\/\/singulares.mx\/wp-content\/uploads\/2019\/11\/IMG_4247-980x735.jpg 980w\" sizes=\"(max-width: 1024px) 100vw, 1024px\" \/><\/a>\n\t\t\t<\/div>\n\t\t\t\t<figcaption class='wp-caption-text gallery-caption' id='gallery-1-1360'>\n\t\t\t\tVista de la Terraza y Rec\u00e1maras\n\t\t\t\t<\/figcaption><\/figure>\n\t\t<\/div>\n\t\t<\/div>\n\t\t\t\t<\/div>\n\t\t\t\t<\/div>\n\t\t\t\t\t\t<\/div>\n\t\t\t<\/div>\n\t\t<\/div>\n\t\t\t\t<div class=\"elementor-element elementor-element-da28fd7 elementor-column elementor-col-33 elementor-top-column\" data-id=\"da28fd7\" data-element_type=\"column\">\n\t\t\t<div class=\"elementor-column-wrap  elementor-element-populated\">\n\t\t\t\t\t<div class=\"elementor-widget-wrap\">\n\t\t\t\t<div class=\"elementor-element elementor-element-f8b727f elementor-widget elementor-widget-text-editor\" data-id=\"f8b727f\" data-element_type=\"widget\" data-widget_type=\"text-editor.default\">\n\t\t\t\t<div class=\"elementor-widget-container\">\n\t\t\t\t\t<div class=\"elementor-text-editor elementor-clearfix\"><div data-id=\"3e543a2\" data-element_type=\"column\"><div data-id=\"9cab6fb\" data-element_type=\"widget\" data-widget_type=\"heading.default\"><div><h3><span style=\"color: #4d4d4d;\">DETALLES<\/span><\/h3><div>\u00a0<\/div><hr \/><\/div><\/div><div data-id=\"7363338\" data-element_type=\"widget\" data-widget_type=\"divider.default\"><div><div>\u00a0<\/div><\/div><\/div><div data-id=\"dd59d67\" data-element_type=\"widget\" data-widget_type=\"pr-infobox.default\"><h4>Terreno<\/h4><p>392 m2<\/p><\/div><div data-id=\"ae37928\" data-element_type=\"widget\" data-widget_type=\"pr-infobox.default\"><h4>Construcci\u00f3n<\/h4><p>600 m2<\/p><\/div><div data-id=\"48e50df\" data-element_type=\"widget\" data-widget_type=\"pr-infobox.default\"><h4>Plantas<\/h4><p>3<\/p><div data-id=\"ae37928\" data-element_type=\"widget\" data-widget_type=\"pr-infobox.default\"><div><div><div><h4>Rec\u00e1maras<\/h4><p>3<\/p><\/div><\/div><\/div><\/div><div data-id=\"48e50df\" data-element_type=\"widget\" data-widget_type=\"pr-infobox.default\"><h4>Jard\u00edn<\/h4><p>90 m2 + 2 terrazas<\/p><h4>Alberca<\/h4><p>No<\/p><h4>Cochera<\/h4><p>3 autos<\/p><h4>Precio<\/h4><p>$27,450,000<\/p><h4>Arquitecto<\/h4><p>Arq. Mauricio Mart\u00ednez en colaboraci\u00f3n con el Arq. Guillermo Tirado Gonz\u00e1lez\u00a0<\/p><\/div><\/div><\/div><\/div>\n\t\t\t\t<\/div>\n\t\t\t\t<\/div>\n\t\t\t\t\t\t<\/div>\n\t\t\t<\/div>\n\t\t<\/div>\n\t\t\t\t\t\t<\/div>\n\t\t\t<\/div>\n\t\t<\/section>\n\t\t\t\t\t\t<\/div>\n\t\t\t<\/div>\n\t\t<\/div>\n\t\t","protected":false},"excerpt":{"rendered":"<p>CANDELARIA &nbsp; Ubicada frente al hermoso parque de Prados de la Sierra, esta casa cuenta con unas vistas espectaculares a la Sierra Madre y al&hellip;<\/p>\n","protected":false},"author":3,"featured_media":816,"parent":0,"menu_order":0,"comment_status":"closed","ping_status":"closed","template":"single-portfolio.php","meta":{"footnotes":""},"_links":{"self":[{"href":"https:\/\/singulares.mx\/index.php?rest_route=\/wp\/v2\/pages\/748"}],"collection":[{"href":"https:\/\/singulares.mx\/index.php?rest_route=\/wp\/v2\/pages"}],"about":[{"href":"https:\/\/singulares.mx\/index.php?rest_route=\/wp\/v2\/types\/page"}],"author":[{"embeddable":true,"href":"https:\/\/singulares.mx\/index.php?rest_route=\/wp\/v2\/users\/3"}],"replies":[{"embeddable":true,"href":"https:\/\/singulares.mx\/index.php?rest_route=%2Fwp%2Fv2%2Fcomments&post=748"}],"version-history":[{"count":12,"href":"https:\/\/singulares.mx\/index.php?rest_route=\/wp\/v2\/pages\/748\/revisions"}],"predecessor-version":[{"id":1367,"href":"https:\/\/singulares.mx\/index.php?rest_route=\/wp\/v2\/pages\/748\/revisions\/1367"}],"wp:featuredmedia":[{"embeddable":true,"href":"https:\/\/singulares.mx\/index.php?rest_route=\/wp\/v2\/media\/816"}],"wp:attachment":[{"href":"https:\/\/singulares.mx\/index.php?rest_route=%2Fwp%2Fv2%2Fmedia&parent=748"}],"curies":[{"name":"wp","href":"https:\/\/api.w.org\/{rel}","templated":true}]}}